 base 14, what is -81 + 4?
-7b
In base 12, what is 26 - -20?
46
In base 6, what is 12121 - 11?
12110
In base 7, what is 6652 + -5?
6644
In base 15, what is 13 + -10?
3
In base 4, what is 22010 + -20?
21330
In base 14, what is -25 + -a7?
-cc
In base 10, what is 16 + -4?
12
In base 12, what is -967 - 2?
-969
In base 2, what is 100 + 10110011110?
10110100010
In base 8, what is -5 + 46?
41
In base 2, what is -101 - 100001110101?
-100001111010
In base 6, what is 200502 + -3?
200455
In base 8, what is -574 - 2?
-576
In base 13, what is -205b - 0?
-205b
In base 13, what is 2 + 273?
275
In base 5, what is 203032 - -10?
203042
In base 9, what is 172 + -2?
170
In base 3, what is 11220 - -11?
12001
In base 7, what is 24633 + -5?
24625
In base 16, what is 33 - 0?
33
In base 4, what is -22 + -32?
-120
In base 3, what is -1001 + -2112?
-10120
In base 2, what is 1000 + -1011110?
-1010110
In base 8, what is 2 - 75?
-73
In base 12, what is -8 - 550?
-558
In base 16, what is -1f - 2?
-21
In base 4, what is 3 - 1200?
-1131
In base 4, what is -1310 + 0?
-1310
In base 6, what is -341 - 0?
-341
In base 9, what is 62 + -11?
51
In base 14, what is 27 - 39?
-12
In base 6, what is -2 + 15440?
15434
In base 5, what is -434 - 12?
-1001
In base 15, what is 8 - 655?
-64c
In base 14, what is -3 - 21ab?
-21b0
In base 13, what is 38 - 1?
37
In base 4, what is 12303 - 10?
12233
In base 5, what is -42 - 3020?
-3112
In base 14, what is 36 + 1ac?
204
In base 5, what is -4 - 12124?
-12133
In base 15, what is -88 + -4a?
-d3
In base 15, what is d56 - -1?
d57
In base 13, what is -b8b - 1?
-b8c
In base 15, what is 36 + -4?
32
In base 7, what is -4 + 60?
53
In base 4, what is 11 + -33210?
-33133
In base 2, what is 1 + -100010?
-100001
In base 10, what is -46 + 53?
7
In base 11, what is 1843 - 5?
1839
In base 11, what is -13a + -26?
-165
In base 13, what is -10 - 4?
-14
In base 7, what is 44 + -14?
30
In base 16, what is 1203 - -5?
1208
In base 2, what is -1001 + 1010010?
1001001
In base 11, what is 25 + 2?
27
In base 10, what is 7 + 165?
172
In base 12, what is 206b - 0?
206b
In base 5, what is 14 + -3?
11
In base 2, what is -101101010111101 + -1?
-101101010111110
In base 2, what is 100 - 11011100111?
-11011100011
In base 16, what is -85 - -15?
-70
In base 9, what is 0 + 47?
47
In base 6, what is -1 - -2?
1
In base 13, what is -b - -848?
83a
In base 11, what is 4 - -15?
19
In base 7, what is 3 + -125?
-122
In base 14, what is 35a + 1?
35b
In base 8, what is 537 - 17?
520
In base 7, what is -106 + 2?
-104
In base 5, what is -2413 - -4?
-2404
In base 14, what is -58 - -34?
-24
In base 6, what is -403132 + 5?
-403123
In base 16, what is -7 + -e?
-15
In base 13, what is 0 + 38?
38
In base 7, what is 105 - -335?
443
In base 4, what is -22 + 2?
-20
In base 2, what is -1011 + 0?
-1011
In base 7, what is -15 + -1554?
-1602
In base 11, what is -124a + 2?
-1248
In base 4, what is -11 - -131122?
131111
In base 5, what is -20 - -21?
1
In base 12, what is 4 - 79?
-75
In base 11, what is -125 + -1?
-126
In base 9, what is -3 - 416?
-420
In base 11, what is 47 - 29?
19
In base 16, what is 6 + 2d?
33
In base 2, what is 1000111011 + -11?
1000111000
In base 3, what is -1101010 - 20?
-1101100
In base 9, what is 105 + 24?
130
In base 15, what is 28 + -2?
26
In base 16, what is -3 - 225?
-228
In base 4, what is 10031220 + 0?
10031220
In base 2, what is 1111111 - -1?
10000000
In base 6, what is -104 - -120?
12
In base 4, what is -20 - -1020?
1000
In base 7, what is 3102 + 4?
3106
In base 2, what is 10 + -110110000001?
-110101111111
In base 7, what is -311 - 5?
-316
In base 16, what is -4 - 626?
-62a
In base 5, what is -10 - -112?
102
In base 14, what is 3 - -10?
13
In base 15, what is a6 + 2?
a8
In base 3, what is -110001 - 0?
-110001
In base 2, what is 100000111 - 100?
100000011
In base 8, what is 65 - 134?
-47
In base 7, what is -3 - 14513?
-14516
In base 4, what is 23 + -22221?
-22132
In base 5, what is 1 - 12144?
-12143
In base 14, what is -3 - 102?
-105
In base 12, what is -3 - 2708?
-270b
In base 4, what is 121133 - 0?
121133
In base 10, what is -5 + -626?
-631
In base 9, what is -811 - 6?
-817
In base 14, what is a63b + -2?
a639
In base 2, what is 100 - -101100?
110000
In base 12, what is -a73 - 2?
-a75
In base 13, what is 5 - -1454?
1459
In base 12, what is -4 - 1b2?
-1b6
In base 10, what is -562 + 0?
-562
In base 4, what is 1020102 - 0?
1020102
In base 8, what is 71 - -34?
125
In base 7, what is 10304 - 1?
10303
In base 3, what is 12 - 10110122?
-10110110
In base 10, what is 4 - 95?
-91
In base 11, what is 12 + 7?
19
In base 5, what is 2 + -22?
-20
In base 6, what is 4 - -34?
42
In base 13, what is 12a + 4?
131
In base 7, what is -5650 + 4?
-5643
In base 14, what is -5 - -45?
40
In base 7, what is -5 + -5656?
-5664
In base 13, what is -2 + -43?
-45
In base 5, what is 1 - -1440?
1441
In base 12, what is 46 - -161?
1a7
In base 11, what is -1241 - -4?
-1238
In base 6, what is 5 - 445?
-440
In base 7, what is 4 - 11445?
-11441
In base 5, what is 0 + 30?
30
In base 2, what is -10001 - -10000101?
1110100
In base 3, what is 101011 - -1021?
102102
In base 11, what is 4 + -57?
-53
In base 9, what is 5 - 125?
-120
In base 6, what is -32 + 2?
-30
In base 14, what is -1a + -132?
-14c
In base 7, what is 4 + -3154?
-3150
In base 9, what is -6 - -50?
43
In base 12, what is 4 + -b6?
-b2
In base 11, what is -13252 - 4?
-13256
In base 2, what is 1100 + 111011?
1000111
In base 15, what is 26b + 6?
272
In base 15, what is 13 + 86?
99
In base 8, what is 2 - -11?
13
In base 7, what is 130026 + -2?
130024
In base 13, what is 3 - -1b4?
1b7
In base 6, what is -13345 - 12?
-13401
In base 12, what is -3 - 65?
-68
In base 5, what is -2 + -112221?
-112223
In base 4, what is 12 + 211?
223
In base 13, what is 1 + 6a?
6b
In base 8, what is 126 - 0?
126
In base 3, what is -21012 + -12?
-21101
In base 12, what is 1 + 412?
413
In base 2, what is 10110111 + -1001?
10101110
In base 15, what is 0 + 46?
46
In base 16, what is 27 + 60?
87
In base 7, what is -125 + -5?
-133
In base 9, what is -4 + -1316?
-1321
In base 10, what is -7 + -65?
-72
In base 8, what is 3 - 220?
-215
In base 12, what is 11 - 6?
7
In base 5, what is -113210 - -1?
-113204
In base 8, what is 57 + -4?
53
In base 15, what is -d5 - -1?
-d4
In base 14, what is -76 + -1?
-77
In base 9, what is 20 + 2?
22
In base 14, what is -2 + -309?
-30b
In base 13, what is 2 - 7?
-5
In base 15, what is 193 - 2?
191
In base 6, what is -1132045 - 2?
-1132051
In base 6, what is -32 - 124?
-200
In base 6, what is -3342 + -3?
-3345
In base 4, what is 2122301 - 0?
2122301
In base 12, what is -b - 60?
-6b
In base 11, what is -66 + 1?
-65
In base 12, what is -b - -232?
223
In base 6, what is 11 - 33?
-22
In base 11, what is -247 + 6?
-241
In base 11, what is -1 + 567?
566
In base 11, what is 0 + 88a?
88a
In base 4, what is 222 - 1102?
-220
In base 7, what is 5 - -16236?
16244
In base 7, what is -623 + -5?
-631
In base 4, what is -201 - 13133?
-20000
In base 9, what is -87 + 4?
-83
In base 13, what is 16 - -1?
17
In base 9, what is -374 - 4?
-378
In base 7, what is -4 - 140?
-144
In base 14, what is 46 - 3?
43
In base 9, what is 107 + 1?
108
In base 3, what is 12 + 120?
202
In base 12, what is 32 - -121?
153
In base 14, what is 470 - -2?
472
In base 2, what is -101 - -10011000011?
10010111110
In base 5, what is 20222 - -1?
20223
In base 15, what is 456 - 16?
440
In base 3, what is -1 - 210110?
-210111
In base 5, what is -10 - -200?
140
In base 11, what is -3 + 50?
48
In base 5, what is -3 + 2240?
2232
In base 7, what is -6 + -424?
-433
In base 11, what is -28 + -17?
-44
In base 15, what is 3 + -9?
-6
In base 15, what is -147 - -5?
-142
In base 4, what is 30 - 13210?
-13120
In base 5, what is 0 - 232?
-232
In base 3, what is 0 + -1212?
-1212
In base 8, what is 7 - -151?
160
In base 3, what is -10112 - -2?
-10110
In base 7, what is 133 - 1?
132
In base 16, what is -1b - 2a?
-45
In base 16, what is 4 - 147?
-143
In base 9, what is 5 - 36?
-31
In base 4, what is -10 - 2302?
-2312
In base 15, what is 4d + 1?
4e
In base 16, what is -a33 - 3?
-a36
In base 14, what is 4 - 68?
-64
In base 8, what is -4 + -152?
-156
In base 4, what is 1 + 202?
203
In base 11, what is -77 + -5?
-81
In base 15, what 